r - 2*r**2 + r**2 + r + 2. Suppose 3*x = 4*x. Suppose -3*t = -4*q + 2*t + 2, x = 3*q - 5*t - 4. Give a(q).
-4
Let h(v) = 2*v - 1. Let d(f) = f**3 - 6*f**2 + 2*f - 14. Let l = 20 + -14. Let r be d(l). Determine h(r).
-5
Let d(q) be the first derivative of q**4/4 - q**3 - q**2 - 4*q - 1. Suppose 4*y = 3*b - 4, 2*b + 4*y + 4 = -b. Suppose -4 + b = -v. Give d(v).
4
Let x(c) = 0*c - c**2 + 4 + 5*c - 3 - 4. Let w be 12/15*(-5)/(-2). Calculate x(w).
3
Let u(i) = -i**2 + 7*i + 3. Let o(s) = -2*s**2 + 15*s + 5. Let k(v) = 2*o(v) - 5*u(v). What is k(5)?
-5
Let x = 0 - 0. Let b(y) = x + 3 - 2*y + 0. Let a = -55 - -57. Give b(a).
-1
Let f be (-2 + 1)/(7/(-28)). Suppose -f*c + 0 = -2*g - 8, 5*g - 19 = -3*c. Let u(q) = -3*q**2 + 0*q**2 - 1 + 3*q**3 - 3*q - 2*q**c. Determine u(4).
3
Let r(j) = j + 6. Let l be r(-5). Suppose -3*w + 9 = 5*f, -f - 3 + 0 = 3*w. Let o = f - l. Let m(v) = -v**3 + 3*v**2 - 4*v + 3. Calculate m(o).
-1
Suppose 0 = l - h - 9 - 1, 4*h + 25 = l. Suppose -3*p + 0*p = -9. Let f(u) = 4 - p - u + 3. Determine f(l).
-1
Suppose j = -2*j - 2*j. Let t(q) = q**2 - q - 3. Give t(j).
-3
Suppose 4*t = 2*c - 4, 0*t - 26 = 2*t + 5*c. Let o be ((-3)/6)/(t/(-12)). Let k(h) be the second derivative of -h**4/12 + h**3/3 + h**2 + h. Determine k(o).
-6
Let q(r) = -r**2 + 4*r - 6. Suppose 0*g = 2*g - 6. Suppose -g = -4*o + 13. Determine q(o).
-6
Let l(x) = -6*x**2 + x. Suppose -z - 4*z = -15. Let h be (-5)/((-5)/2) + 9. Suppose -z*d = -15, -t - 2*d + h = -0*t. Calculate l(t).
-5
Suppose 4*j = 5*l - 28, -5*j + 5 - 27 = -3*l. Let v(z) = -3*z**2 - 3*z. Calculate v(j).
-6
Let c(w) be the first derivative of w**4/4 - 11*w**3/3 - 13*w**2/2 + 10*w - 10. Determine c(12).
-2
Let d(b) = -b**2 + 3*b - 4. Let x(z) = z**2 + z - 1. Let h be x(1). Let w(o) = 3*o**3 + o**2 - 2*o + 1. Let v be w(h). Calculate d(v).
-4
Let u(j) be the third derivative of -j**5/60 - 5*j**4/24 - 5*j**3/6 + 37*j**2. Let v = -4 + 8. Let d be (10/8)/((-1)/v). Give u(d).
-5
Let u(r) = r**2 + r. Let j be 0/1 - (-13 - -8). Suppose -2*o - j = 3*o. What is u(o)?
0
Let u(a) = a**2 + 16*a - 36. Let l be u(-18). Let f(j) = j - 2. Give f(l).
-2
Suppose 5*z + x + 2 - 39 = 0, 2*z - 4*x = 6. Let c(r) = r**3 - 6*r**2 - 5*r - 7. Give c(z).
7
Suppose 22 = -15*m + 26*m. Let d(c) = -4*c**3 - c - 2. Let o(u) = -5*u**3 - u**2 - u - 2. Let b(p) = 4*d(p) - 3*o(p). Calculate b(m).
0
Let i(q) be the third derivative of -q**5/60 + 7*q**4/24 - q**3/2 + 3*q**2. What is i(5)?
7
Let s be ((-8)/14)/(32/(-112)). Let u(x) = -4*x. Determine u(s).
-8
Let g(h) = h**2 - 4*h - 3. Let b(r) = -r**2 - 3*r + 2. Let c be b(-3). Suppose -2*o - c*o = -40. Suppose -5*v + 23 = 2*z, -3*v = -z + 6*z - o. What is g(v)?
2
Let z(u) = -u**2 + 2*u + 1. Suppose -4*k + 4*d = -32, 2*d = -2*k - 1 + 5. Give z(k).
-14
Let s(p) = -p**3 + p**2 - 10. Let d(v) = 0 - 4 + 2*v - 1. Let b be d(4). Suppose -b*q + q = 0. What is s(q)?
-10
Let p be (-27)/(-9) - 2/2. Let j(b) = -3 - p*b + 2*b - b. Give j(-5).
2
Let p(t) = -5*t**3 + 6*t**3 + 6*t - 9*t - 4 + 4*t**2. What is p(-4)?
8
Let d(y) = y + 1. Let v be d(3). Let t = v - 4. Suppose 0 = -2*b + 5*u + 29, 5*b + u - 1 - 4 = t. Let g(p) = p**3 - 4*p + 3. What is g(b)?
3
Suppose -1 = 5*t + 9. Let a be 6/(-21) - (-88)/14. Let s(n) = -n**2 + 1. Let y(c) = 7*c**2 - 7. Let v(u) = a*s(u) + y(u). What is v(t)?
3
Suppose -2 = -4*m + 10. Let k(h) = -2*h**2 + 3*h - 4. Give k(m).
-13
Let n(a) = 6*a**3 - 8*a**2 + 8*a - 6. Let h(k) = 2*k**3 - 3*k**2 + 3*k - 2. Let g(c) = -14*h(c) + 5*n(c). Give g(-2).
-6
Let y be 6/9 - 32/12. Let a(i) be the third derivative of 0 + 0*i + 1/3*i**3 - 1/12*i**4 + 2*i**2. What is a(y)?
6
Let z(j) = j**2 - 2. Let x be z(-5). Suppose -18 = 3*g + 3*n + 6, 0 = -g - 4*n - x. Let s(i) = -4*i - 2. Calculate s(g).
10
Let p(t) = t**3 - 4*t**2 - 6*t - 3. Suppose -2*w + 2*i = 2*w - 18, -i - 3 = 0. Suppose 25 = w*f - 5*m, 1 = f - 2*m + 4*m. Determine p(f).
-8
Let j be (-9)/270*-5 - 50/12. Let k(u) = -u**2 + 3*u - 2. Give k(j).
-30
Suppose -3*t = -19 + 7. Suppose -2*g = 2*d + 6 - 16, -3 = -3*g + 3*d. Let s(l) = 6 - 2 + 5*l**2 - 4*l - l**2 + l**2 - l**g. Determine s(t).
4
Let a(v) = -v. Let d = 3 - 6. Let s(z) = z**2 - z + 1. Suppose 0 = -3*y + m - 8 - 0, -4*m + 17 = 3*y. Let f(n) = d*a(n) + y*s(n). Calculate f(4).
-1
Let l be 4/10 - (-18)/30. Suppose -f = 4 + l. Let q(m) = -m - 3. Calculate q(f).
2
Let c = -12 - -13. Let b(t) = 5*t. Determine b(c).
5
Let c be 1/4 - 23/(-4). Let x(r) = 6*r**2 - 240*r + 473*r - 234*r - r**3 + 4. Calculate x(c).
-2
Let b(a) = -9*a - 1. Suppose 0*j = -6*j - 6. What is b(j)?
8
Let o(i) = -i**2 - 5*i + 9. Let d(t) = t + 1. Let v(x) = -2*d(x) + o(x). Give v(-7).
7
Let y(d) = d**2 - 4*d + 1. Let a be y(5). Let g(u) = u**3 - 2*u**2 - u**2 - 2*u**2 + 0*u - 5*u + 1. Calculate g(a).
7
Let i(n) = -n**3 - n**2 + n + 22. Suppose 0*p = 6*p - 3*p. What is i(p)?
22
Let h(f) be the second derivative of f**3/6 - 9*f**2/2 + 18*f. Let z be ((-8)/(-1)*-2)/(-1). Suppose 0*a = 4*a - z. Give h(a).
-5
Let o(n) = -320 + 320 + n. Determine o(3).
3
Let j(l) = l**2 + 8*l + 2. Let k be j(-7). Let h(y) = -2*y**2 - 12*y. Let o(n) = -n**2 - 6*n. Let i = 14 + -18. Let z(u) = i*h(u) + 7*o(u). Determine z(k).
-5
Let t(z) = -z**3 + 5*z**2 + 6*z - 6. Suppose 2*c = -4, -c + 10 = 3*p + 3*c. Give t(p).
-6
Let q(m) = -m**2 + 4*m + 2. Let t be q(6). Let b(l) = -l**3 - 10*l**2 - l - 14. Give b(t).
-4
Let n(t) = t**3 + 6*t**2 + 6*t - 3. Let d(m) = -11*m - 1. Let q = 9 - 8. Let j be d(q). Let r = j - -7. Give n(r).
-8
Let d(v) = v**2 + 10*v - 4. Suppose 0 = 5*x - 5*z + 50, 0 = 2*x + 2*x + 3*z + 26. What is d(x)?
-20
Let v(j) = -j**3 + 6*j**2 + 4*j - 7. Suppose 17 = -11*y + 83. Give v(y).
17
Let r = -8 + 4. Let c(k) be the third derivative of -k**5/60 - k**4/3 + 5*k**3/6 - 3*k**2. Let b(a) = a. Let y(d) = 6*b(d) + c(d). Determine y(r).
-3
Let n(c) be the second derivative of 1/2*c**2 - 1/3*c**4 + 2*c + 1/6*c**3 + 0. Suppose -5 = 3*z - 2. Calculate n(z).
-4
Let n(s) = -3 - 3*s**3 + 3*s**3 - 3*s**3 - 4*s**2 + 4*s**3. Let t = -6 - -10. What is n(t)?
-3
Let a(f) = -f**3 + 0*f**2 - 3*f**2 + 4*f - 3*f + f**2. Let c(t) = t**2 - 1. Let u(p) = 2*p. Let i(m) = -c(m) - u(m). Let g be i(-2). Give a(g).
-2
Suppose -2*f - 1 = -3. Let n(t) = t**2 - 2 - 2 - f + 3. What is n(-2)?
2
Let k(l) = -l**2 - l + 1. Let o(v) = v**3 - 9*v**2 - 3*v + 3. Let r(f) = 6*k(f) - o(f). Give r(2).
1
Let d(c) = -3*c. Suppose 11 = -3*h + q - 4, 0 = 5*q + 15. Let w = h + 9. Suppose -5*v + 7 = -w. Determine d(v).
-6
Let s(c) be the third derivative of c**4/24 - c**3/3 + c**2. Let b be (-30)/(-8) - 9/12. Give s(b).
1
Let o(n) be the third derivative of n**4/4 - n**3/2 + 5*n**2. Let z(r) = -11*r + 6. Let g(b) = 7*o(b) + 4*z(b). Determine g(2).
-1
Suppose f - 6 = 3*f. Let u(s) = 0*s + 2*s - s**3 - 1 - 3*s**2 + 5. Give u(f).
-2
Let v(k) = -k**2 - k + 1. Let l be v(0). Let o(i) = 2*i + l + 2*i**2 + 4*i**2 - 2*i**2 - 2. Determine o(1).
5
Let v be (8/20)/(2/20). Let h(g) = -5*g**2 + g**3 - 4 + v*g + 2 + 3. What is h(3)?
-5
Let j(m) = -m**2 - 2*m. Let q(x) = x. Let g be q(-1). Give j(g).
1
Let q be (-4)/(-14) - (-262)/14. Let h = 13 - q. Let s(d) = -d**3 - 7*d**2 - 7*d - 6. Calculate s(h).
0
Let r(a) = 14*a. Let j(p) = 5*p. Let k(w) = 8*j(w) - 3*r(w). Let q be k(-1). Let x(c) = -c + 2 + 1 + c + q*c. What is x(-2)?
-1
Let k(t) = 7 - t + 2*t - 1. Let d(u) = -5*u - 25. Suppose 4*c = -2*x + 14, 3*c + 4*x - 2*x = 10. Let s(j) = c*d(j) + 18*k(j). Give s(6).
-4
Let y(m) be the third derivative of m**5/60 + m**4/4 - m**3/6 - 9*m**2. Determine y(-5).
-6
Let l(z) = z**2 + 5*z - 2. Suppose 0 = -0*o - 5*o - 25. Determine l(o).
-2
Let t(v) = -7*v**2 + 5*v + 3. Let l(q) = 7*q**2 - 6*q - 4. Let g(d) = 4*l(d) + 5*t(d). Let k be 9/11*1 + 78/429. Calculate g(k).
-7
Let b(a) = -2*a - 1. Suppose 5*s = -2*j - 13, j = 2*j + 3*s + 9. Let g be (-2)/(-6) + (-20)/j. Determine b(g).
5
Let y(q) = q**3 + 3*q**2 - q - 3. Let w = 60 + -63. What is y(w)?
0
Let y = -19 - -17. Let x(d) = -5*d**2 - d - 1. Determine x(y).
-19
Let f(d) = 10 + 0 - 6 + d**2. What is f(0)?
4
Let k(u) = u. Let r(x) = 6*x. Let h = 4 - 8. Let w(v) = h*k(v) + r(v). Calculate w(-4).
-8
Suppose -a - 2 = -8. Let q(u) = 433 - 6*u + u**2 - 145 - 147 - 149. Determine q(a).
-8
Suppose 18 = -0*l - 3*l. Let s be 24/9 + (-2)/l. Let g(k) =